{"id":620,"date":"2023-01-19T10:17:49","date_gmt":"2023-01-19T09:17:49","guid":{"rendered":"http:\/\/gppb.eu\/?page_id=620"},"modified":"2023-01-19T10:22:14","modified_gmt":"2023-01-19T09:22:14","slug":"bal-zwyciezcow-gppb-2022","status":"publish","type":"page","link":"https:\/\/gppb.eu\/index.php\/bal-zwyciezcow-gppb-2022\/","title":{"rendered":"Bal Zwyci\u0119zc\u00f3w GPPB 2022"},"content":{"rendered":"\t\t<div data-elementor-type=\"wp-page\" data-elementor-id=\"620\" class=\"elementor elementor-620\">\n\t\t\t\t\t\t<section class=\"elementor-section elementor-top-section elementor-element elementor-element-f719e34 elementor-section-boxed elementor-section-height-default elementor-section-height-default\" data-id=\"f719e34\" data-element_type=\"section\" data-e-type=\"section\">\n\t\t\t\t\t\t<div class=\"elementor-container elementor-column-gap-default\">\n\t\t\t\t\t<div class=\"elementor-column elementor-col-100 elementor-top-column elementor-element elementor-element-2c7fcc7\" data-id=\"2c7fcc7\" data-element_type=\"column\" data-e-type=\"column\">\n\t\t\t<div class=\"elementor-widget-wrap\">\n\t\t\t\t\t\t\t<\/div>\n\t\t<\/div>\n\t\t\t\t\t<\/div>\n\t\t<\/section>\n\t\t\t\t<section class=\"elementor-section elementor-top-section elementor-element elementor-element-5124385 elementor-section-boxed elementor-section-height-default elementor-section-height-default\" data-id=\"5124385\" data-element_type=\"section\" data-e-type=\"section\">\n\t\t\t\t\t\t<div class=\"elementor-container elementor-column-gap-default\">\n\t\t\t\t\t<div class=\"elementor-column elementor-col-100 elementor-top-column elementor-element elementor-element-c193a98\" data-id=\"c193a98\" data-element_type=\"column\" data-e-type=\"column\">\n\t\t\t<div class=\"elementor-widget-wrap elementor-element-populated\">\n\t\t\t\t\t\t<div class=\"elementor-element elementor-element-89e70ab elementor-widget elementor-widget-text-editor\" data-id=\"89e70ab\" data-element_type=\"widget\" data-e-type=\"widget\" data-widget_type=\"text-editor.default\">\n\t\t\t\t<div class=\"elementor-widget-container\">\n\t\t\t\t\t\t\t\t\t<h3><span style=\"text-decoration: underline;\"><strong>Bal Zwyci\u0119zc\u00f3w 2022<\/strong><\/span><\/h3><p>Wszystkich zwyci\u0119zc\u00f3w Gliwickiej Parkowej Prowokacji Biegowej 2022 zapraszamy na Bal, na kt\u00f3rym b\u0119d\u0105 wr\u0119czane statuetki i nagrody. Zwyci\u0119zc\u0105 jest ka\u017cdy kto cho\u0107 raz w ubieg\u0142ym roku da\u0142 si\u0119 sprowokowa\u0107 do startu w naszej imprezie. Przyj\u015b\u0107 mo\u017cna z osob\u0105 towarzysz\u0105c\u0105.<\/p><p>Plan imprezy:<\/p><ul><li>15:00 -rozpocz\u0119cie<\/li><li>16:00 -wr\u0119czanie nagr\u00f3d i statuetek<\/li><li>17:30 -zabawa przy muzyce DJ Adriana<\/li><li>20:30 -zako\u0144czenie<\/li><\/ul><p>Organizatorzy zapewniaj\u0105 kaw\u0119, herbat\u0119, wod\u0119, piwo z beczki i piwo puszkowe bezalkoholowe. Z uwagi na ograniczone finanse nie b\u0119dzie cateringu, ale mile widziane s\u0105 wyroby domowe na wsp\u00f3lny lub w\u0142asny st\u00f3\u0142.<br \/>Bal odb\u0119dzie si\u0119 w hali sportowej w Gliwicach przy ulicy G\u00f3rnych Wa\u0142\u00f3w 29 (<a href=\"https:\/\/goo.gl\/maps\/wSHun6TDZSnea6Zm7\" target=\"_blank\" rel=\"noopener\">mapa<\/a>)<br \/><span style=\"text-decoration: underline;\">Wst\u0119p<\/span><span style=\"font-size: 16px;\"><span style=\"text-decoration: underline;\">\u00a0bezp\u0142atny<\/span>.<\/span><img fetchpriority=\"high\" decoding=\"async\" class=\" wp-image-637 aligncenter\" style=\"font-weight: inherit;\" src=\"https:\/\/gppb.eu\/wp-content\/uploads\/2023\/01\/DSC_0186-300x200.jpg\" alt=\"\" width=\"412\" height=\"274\" srcset=\"https:\/\/gppb.eu\/wp-content\/uploads\/2023\/01\/DSC_0186-300x200.jpg 300w, https:\/\/gppb.eu\/wp-content\/uploads\/2023\/01\/DSC_0186-1024x683.jpg 1024w, https:\/\/gppb.eu\/wp-content\/uploads\/2023\/01\/DSC_0186-768x512.jpg 768w, https:\/\/gppb.eu\/wp-content\/uploads\/2023\/01\/DSC_0186-1536x1025.jpg 1536w, https:\/\/gppb.eu\/wp-content\/uploads\/2023\/01\/DSC_0186-2048x1367.jpg 2048w, https:\/\/gppb.eu\/wp-content\/uploads\/2023\/01\/DSC_0186-24x16.jpg 24w, https:\/\/gppb.eu\/wp-content\/uploads\/2023\/01\/DSC_0186-36x24.jpg 36w, https:\/\/gppb.eu\/wp-content\/uploads\/2023\/01\/DSC_0186-48x32.jpg 48w\" sizes=\"(max-width: 412px) 100vw, 412px\" \/><br \/>Z powodu<span style=\"font-size: 16px;\"> pandemii nie odby\u0142y si\u0119 bale w latach 2021 i 2022.<\/span><span style=\"font-size: 16px;\">\u00a0<br \/>Zdj\u0119cia z Bal\u00f3w Zwyci\u0119zc\u00f3w: <\/span><a style=\"font-size: 16px; background-color: #ffffff;\" href=\"https:\/\/flic.kr\/s\/aHskKDWvxG\">2015,\u00a0<\/a><a style=\"font-size: 16px; background-color: #ffffff;\" href=\"https:\/\/flic.kr\/s\/aHskSoF5zR\">2016,\u00a0<\/a><a style=\"font-size: 16px; background-color: #ffffff;\" href=\"https:\/\/flic.kr\/s\/aHsmyPG1jU\">2018,\u00a0<\/a><a style=\"font-size: 16px; background-color: #ffffff;\" href=\"https:\/\/flic.kr\/s\/aHsmKGcyii\">2019.<\/a><\/p>\t\t\t\t\t\t\t\t<\/div>\n\t\t\t\t<\/div>\n\t\t\t\t\t<\/div>\n\t\t<\/div>\n\t\t\t\t\t<\/div>\n\t\t<\/section>\n\t\t\t\t<\/div>\n\t\t","protected":false},"excerpt":{"rendered":"<p>Bal Zwyci\u0119zc\u00f3w 2022 Wszystkich zwyci\u0119zc\u00f3w Gliwickiej Parkowej Prowokacji Biegowej 2022 zapraszamy na Bal, na kt\u00f3rym b\u0119d\u0105 wr\u0119czane statuetki i nagrody. Zwyci\u0119zc\u0105 jest ka\u017cdy kto cho\u0107 raz w ubieg\u0142ym roku da\u0142 si\u0119 sprowokowa\u0107 do startu w naszej imprezie. Przyj\u015b\u0107 mo\u017cna z osob\u0105 towarzysz\u0105c\u0105. Plan imprezy: 15:00 -rozpocz\u0119cie 16:00 -wr\u0119czanie nagr\u00f3d i statuetek 17:30 -zabawa przy muzyce [&hellip;]<\/p>\n","protected":false},"author":1,"featured_media":0,"parent":0,"menu_order":0,"comment_status":"closed","ping_status":"closed","template":"","meta":{"site-sidebar-layout":"no-sidebar","site-content-layout":"page-builder","ast-site-content-layout":"default","site-content-style":"default","site-sidebar-style":"default","ast-global-header-display":"","ast-banner-title-visibility":"","ast-main-header-display":"","ast-hfb-above-header-display":"","ast-hfb-below-header-display":"","ast-hfb-mobile-header-display":"","site-post-title":"disabled","ast-breadcrumbs-content":"","ast-featured-img":"disabled","footer-sml-layout":"","ast-disable-related-posts":"","theme-transparent-header-meta":"","adv-header-id-meta":"","stick-header-meta":"","header-above-stick-meta":"","header-main-stick-meta":"","header-below-stick-meta":"","astra-migrate-meta-layouts":"default","ast-page-background-enabled":"default","ast-page-background-meta":{"desktop":{"background-color":"var(--ast-global-color-4)","background-image":"","background-repeat":"repeat","background-position":"center center","background-size":"auto","background-attachment":"scroll","background-type":"","background-media":"","overlay-type":"","overlay-color":"","overlay-opacity":"","overlay-gradient":""},"tablet":{"background-color":"","background-image":"","background-repeat":"repeat","background-position":"center center","background-size":"auto","background-attachment":"scroll","background-type":"","background-media":"","overlay-type":"","overlay-color":"","overlay-opacity":"","overlay-gradient":""},"mobile":{"background-color":"","background-image":"","background-repeat":"repeat","background-position":"center center","background-size":"auto","background-attachment":"scroll","background-type":"","background-media":"","overlay-type":"","overlay-color":"","overlay-opacity":"","overlay-gradient":""}},"ast-content-background-meta":{"desktop":{"background-color":"var(--ast-global-color-5)","background-image":"","background-repeat":"repeat","background-position":"center center","background-size":"auto","background-attachment":"scroll","background-type":"","background-media":"","overlay-type":"","overlay-color":"","overlay-opacity":"","overlay-gradient":""},"tablet":{"background-color":"var(--ast-global-color-5)","background-image":"","background-repeat":"repeat","background-position":"center center","background-size":"auto","background-attachment":"scroll","background-type":"","background-media":"","overlay-type":"","overlay-color":"","overlay-opacity":"","overlay-gradient":""},"mobile":{"background-color":"var(--ast-global-color-5)","background-image":"","background-repeat":"repeat","background-position":"center center","background-size":"auto","background-attachment":"scroll","background-type":"","background-media":"","overlay-type":"","overlay-color":"","overlay-opacity":"","overlay-gradient":""}},"footnotes":""},"class_list":["post-620","page","type-page","status-publish","hentry"],"_links":{"self":[{"href":"https:\/\/gppb.eu\/index.php\/wp-json\/wp\/v2\/pages\/620","targetHints":{"allow":["GET"]}}],"collection":[{"href":"https:\/\/gppb.eu\/index.php\/wp-json\/wp\/v2\/pages"}],"about":[{"href":"https:\/\/gppb.eu\/index.php\/wp-json\/wp\/v2\/types\/page"}],"author":[{"embeddable":true,"href":"https:\/\/gppb.eu\/index.php\/wp-json\/wp\/v2\/users\/1"}],"replies":[{"embeddable":true,"href":"https:\/\/gppb.eu\/index.php\/wp-json\/wp\/v2\/comments?post=620"}],"version-history":[{"count":43,"href":"https:\/\/gppb.eu\/index.php\/wp-json\/wp\/v2\/pages\/620\/revisions"}],"predecessor-version":[{"id":664,"href":"https:\/\/gppb.eu\/index.php\/wp-json\/wp\/v2\/pages\/620\/revisions\/664"}],"wp:attachment":[{"href":"https:\/\/gppb.eu\/index.php\/wp-json\/wp\/v2\/media?parent=620"}],"curies":[{"name":"wp","href":"https:\/\/api.w.org\/{rel}","templated":true}]}}